on factor of 35 and n?
35
Let f be 4/(-32) - 342/(-48). Calculate the greatest common divisor of 532 and f.
7
Suppose -5*g = u - 117, 2*g + g = -3*u + 63. Suppose -m - 3*s + 43 = -32, -5*m + s = -359. Calculate the greatest common divisor of g and m.
24
Let i(t) = -t - 4. Let m be i(-8). Suppose 2*c + 5*w - m = 8, 3*w + 17 = c. Let u = 3 + c. What is the highest common divisor of u and 7?
7
Suppose 2*o + 1 - 7 = -4*n, -12 = -4*o + 2*n. Calculate the greatest common divisor of 582 and o.
3
Suppose -c = -j - 143, -c = 3*j - 34 - 113. Let p be 13 + 160 + -2 + (-9)/(-3). Suppose 66 = -6*m + p. What is the greatest common divisor of m and c?
18
Let v = 87 + -6. Let r be 3/(-4) - v/(-12). Let s = r + -3. Calculate the greatest common divisor of s and 6.
3
Let c = 42 + -22. Suppose 6043 = 78*p - 197. What is the greatest common factor of c and p?
20
Let a(b) be the first derivative of b**4 + b**3 - b**2/2 + 24. Let o be a(1). Calculate the greatest common divisor of o and 15.
3
Let j be (-2)/(-7) - (-17138)/287. What is the greatest common divisor of j and 96?
12
Suppose -3*h + 2 = 50. Let x = h - -30. What is the greatest common factor of 42 and x?
14
Suppose 3*w - 13 = -m, -2*m + 22 = 2*w + 8. Calculate the greatest common divisor of m and 74.
2
Suppose 0 = h + 2*j - 107, -4*h + 388 = -8*j + 6*j. Calculate the highest common divisor of h and 45.
9
Let z = -38 - -100. Suppose 65*m - 12 = z*m. What is the highest common factor of m and 12?
4
Let m = -27 + 78. What is the highest common factor of m and 255?
51
Suppose 4*o - 2 + 10 = 0, -4*o = 4*p - 128. Suppose 0 = g + 4*f - p, -5*f = g - 26 - 9. What is the highest common divisor of g and 20?
10
Let y(z) = -31*z - 2. Let b be y(-3). Let k be 4/(-6) + (-6 - (-177)/9). Calculate the highest common factor of b and k.
13
Suppose -3*p + l + 143 = 0, 8*l = -5*p + 5*l + 243. What is the greatest common factor of 312 and p?
24
Suppose 5*a - 31 - 59 = 0. What is the greatest common divisor of 279 and a?
9
Let j(d) = d**2 - 10*d + 11. Let n be j(11). Calculate the highest common divisor of n and 154.
22
Suppose -2*c - 5*h - 191 = -0*h, 2*c + 4*h + 190 = 0. Let o = c - -156. Calculate the greatest common factor of o and 9.
9
Let i(f) = 2*f**2 + 34*f + 22. Let b be i(-17). Calculate the highest common factor of 154 and b.
22
Suppose 784*s - 648*s - 1496 = 0. Let j(p) = 7*p**2 - 2*p - 1. Let r be j(7). Suppose 4*d = r + 156. Calculate the greatest common factor of s and d.
11
Let d = 7 - -128. Let x be 2/(3 + (-43)/15). What is the highest common divisor of d and x?
15
Let d be 34/51*(-9)/(-2). Suppose 200 = -d*u + 8*u. Calculate the greatest common divisor of 16 and u.
8
Let f(u) = -u + 5. Let n be (-5)/2*(3 - 5). Suppose n*o = -36 + 16. Let z be f(o). What is the highest common divisor of z and 27?
9
Let d be 1992/120 - (-6)/(-10). Let u = 9 - -23. What is the greatest common divisor of d and u?
16
Let z = 6 + -2. Suppose w = 4*f - 81, f + 3*w - z = -0*f. Let m = -3 + 79. Calculate the greatest common factor of f and m.
19
Let v(q) = q**2 + 10*q + 6. Let m be v(9). Suppose 5*b - m - 43 = 0. Calculate the greatest common factor of b and 110.
22
Suppose 15 = -6*b + 11*b. Suppose -3*p = -5*x - 0*x + 516, 2*x - 219 = -b*p. Calculate the highest common divisor of 30 and x.
15
Suppose 9 + 3 = 2*l. Suppose 4 = 5*m - l. Suppose 5*p - 883 = -c, -2*p = m*c - 0*c - 358. Calculate the greatest common factor of p and 16.
16
Let u be (-50)/30 - (-131)/3. What is the greatest common divisor of 42 and u?
42
Suppose 0 = -3*b + 2028 + 861. Let t = b - 459. Let f = t + -288. What is the highest common divisor of 27 and f?
27
Let o be 2/(-3) + 4/(-12) - -55. Suppose o = 6*r - 0*r. Calculate the greatest common factor of r and 81.
9
Let a(r) = 5*r**3 - 11*r**2 - 2*r - 27. Let g be a(11). Calculate the greatest common factor of g and 25.
25
Let v(s) = s**2 - 5*s - 18. Let z be v(9). Suppose -6*a + 147 = -123. Calculate the highest common factor of a and z.
9
Suppose 0 = -2*f - 0*f + 18. Let b(m) = -m + 1. Let q(x) = -x + 97. Let i(z) = 2*b(z) + q(z). Let k be i(0). Calculate the greatest common divisor of f and k.
9
Suppose 0 = 2*m - 4 + 12. Let k be -1 + -2 + m/(-2). Let b(r) = -13*r**3 + 2*r**2 - 1. Let i be b(k). Calculate the highest common divisor of 56 and i.
14
Let l be (-18)/(-72) + 2/(-8). Suppose c - 6 = -l. Calculate the greatest common divisor of c and 15.
3
Suppose -18*b + 19*b = -20. Let d(w) = -12*w + 12. Let a be d(b). Calculate the highest common divisor of 36 and a.
36
Suppose -u - 3*u - 21 = -5*p, p + 2*u - 7 = 0. Let i = 6 - p. Let z be -4*(-3 + i/(-2)). What is the greatest common divisor of 154 and z?
14
Suppose -g = -k - 2*k - 10, 4*g - 5*k = 61. Calculate the greatest common divisor of 2 and g.
1
Let w be (-2)/(-4) + (-40)/(-16). Suppose 5*c + w*l = 393 + 154, -3*c + 4*l = -334. What is the greatest common divisor of 22 and c?
22
Let r be -9 + 3 + 3/1. Let t be -2 - (r - -1) - 1. Let b be (t/2)/((-3)/30). What is the highest common factor of b and 5?
5
Let k be (-1)/6 - (-13454)/84. Let s = 16 - 10. Let r = s + 14. Calculate the highest common factor of r and k.
20
Suppose 6*y - 8*y = -10. Suppose u + 5*x = -17, u + 12 + y = 3*x. Let p = 19 + u. What is the highest common factor of p and 8?
2
Let u = -20 + 38. Suppose 37 = 6*v - 71. Calculate the greatest common divisor of v and u.
18
Let i(d) = 3*d - 17. Let x be i(7). Suppose -189 = -5*u + x*u. Let r be (-1)/(-4) + 83/4. Calculate the highest common factor of u and r.
21
Let w be ((-501 - -1)/(-2))/(12 - 11). Suppose 6*c - 230 = w. What is the highest common divisor of 10 and c?
10
Suppose -9*c - 1389 = -1623. Suppose 2*v + 0*v - 185 = -5*q, -170 = -5*q - 5*v. Calculate the greatest common divisor of c and q.
13
Suppose -w = -5*w. Suppose x + 14 = -w. Let m = -6 - x. Calculate the highest common divisor of 40 and m.
8
Let i be 10/45 + 194/18. Suppose i = y - 3. Let l = -1181 + 1195. What is the highest common divisor of l and y?
14
Suppose 5605*f - 216 = 5602*f. Let r = -17 + 53. Calculate the greatest common divisor of f and r.
36
Suppose 14 = -4*i + 3*w + 137, 4*w = -4*i + 116. Suppose 1444*q - 1482*q = -456. What is the highest common factor of q and i?
6
Let y(n) = -7*n - 11. Let f be y(-2). Suppose 174 + 60 = f*g. What is the greatest common factor of 6 and g?
6
Suppose 3*s + u - 243 = 0, 68 = 3*s - 2*s - 4*u. What is the highest common factor of s and 144?
16
Let j(g) = 14*g + 54. Let u be j(10). Suppose 3*n = -0*n - 2*b + u, 4*n - 4*b - 232 = 0. What is the highest common divisor of 31 and n?
31
Let g be ((-15471)/(-12))/9 + (-33)/(-44). What is the highest common factor of g and 300?
12
Suppose -4 + 8 = 2*o. Let h = 9 + -6. Suppose 2*s - 6 + 0 = 0, -4*q = h*s - 49. Calculate the highest common divisor of o and q.
2
Let h = -12 + 301. Calculate the greatest common divisor of 34 and h.
17
Suppose -q = -2 - 7. Suppose -4*u + q + 23 = 0. Suppose 4*z - 8 = 4*j, u*j - 53 = -4*z + 3*j. Calculate the highest common factor of 28 and z.
7
Let s(z) = 49*z - 67. Let l be s(9). What is the highest common factor of l and 22?
22
Suppose 0*l + l - 3*x - 40 = 0, -20 = -l - x. What is the highest common divisor of l and 425?
25
Suppose -2*g = 3*g - 2*m - 35, -2*m = -10. Suppose 7*l = g*l + 16. Let d = l - -32. What is the highest common divisor of d and 72?
24
Suppose -2*w + 17 = 4*v - 41, 10 = -2*w. Calculate the highest common divisor of 289 and v.
17
Let t = 73 + -41. Suppose -h + 4*h + 3 = 0, 2*f = h - 3. Let a be (f + 3)*(9 - 1). Calculate the highest common factor of t and a.
8
Let x be (-13 + 8 + -5)*-17. Calculate the greatest common factor of 595 and x.
85
Let b = -9 + 13. Let x(h) = -h**2 + 2*h + 5*h - 3 - b*h + 2*h. Let o be x(3). What is the greatest common divisor of o and 1?
1
Let r(q) = -2*q - 18. Let c be r(-11). Suppose -v + 4*k = -49, -2*v + 9*k - c*k + 83 = 0. Calculate the highest common factor of 116 and v.
29
Let a(r) = 251*r + 7. Let c be a(4). Suppose -4*z + 3*b = -815, 0*z = 5*z + 4*b - c. Suppose z - 929 = -2*q. What is the highest common divisor of q and 33?
33
Suppose -2*o - 2*o = 3*o. Let f(a) = a**3 + a + 165. Let b be f(o). What is the highest common divisor of 110 and b?
55
Let o be (12/18)/(12/1242). What is the greatest common d